{"id":4193,"date":"2024-03-08T08:42:40","date_gmt":"2024-03-08T07:42:40","guid":{"rendered":"https:\/\/plangry.com\/index.php\/produkt\/przedsprzedaz-pokemon-tcg-scarlet-violet-temporal-forces-elite-trainer-box-iron-leaves\/"},"modified":"2026-02-08T09:28:06","modified_gmt":"2026-02-08T08:28:06","slug":"przedsprzedaz-pokemon-tcg-scarlet-violet-temporal-forces-elite-trainer-box-iron-leaves","status":"publish","type":"product","link":"https:\/\/plangry.com\/index.php\/produkt\/przedsprzedaz-pokemon-tcg-scarlet-violet-temporal-forces-elite-trainer-box-iron-leaves\/","title":{"rendered":"Pok\u00e9mon TCG: Scarlet &amp; Violet Temporal Forces Elite Trainer Box Iron Leaves"},"content":{"rendered":"<section class=\"section\">\n<div class=\"item item-6\">\n<section class=\"image-item\"><img decoding=\"async\" src=\"https:\/\/upload.cdn.baselinker.com\/products\/4033796\/f863e72065fbc6061d057ac14ec4747b.jpg\" \/><\/section>\n<\/div>\n<div class=\"item item-6\">\n<section class=\"text-item\"><b><\/b>Trenerzy Pok\u00e9mon\u00f3w na ca\u0142ym \u015bwiecie przygotowuj\u0105 si\u0119 na powr\u00f3t kart ACE SPEC z wyj\u0105tkowo pot\u0119\u017cnymi efektami! Walking Wake ex uwalnia si\u0119 od przesz\u0142o\u015bci wraz z Raging Bolt ex, podczas gdy Iron Leaves ex wymierza zaawansowan\u0105 technologicznie sprawiedliwo\u015b\u0107 wraz z Iron Crown ex.<\/p>\n<p>Zestaw\u00a0<b>Scarlet &amp; Violet &#8211; Temporal Forces &#8211; Elite Trainer Box zawiera:<\/b><\/p>\n<ul>\n<li>9 booster\u00f3w rozszerzenia Pok\u00e9mon TCG: Scarlet &amp; Violet &#8211; Temporal Forces,<\/li>\n<li>kart\u0119 promo Flutter Mane,<\/li>\n<li>65 koszulek na karty Walking Wake,<\/li>\n<li>45 kart energii,<\/li>\n<li>przewodnik,<\/li>\n<li>6 ko\u015bci do liczenia obra\u017ce\u0144,<\/li>\n<li>ko\u015b\u0107 do rzucania monet\u0105,<\/li>\n<li>2 plastikowe znaczniki stanu,<\/li>\n<li>pude\u0142ko z czterema przegr\u00f3dkami,<\/li>\n<li>kod do gry Pok\u00e9mon TCG Online.<\/li>\n<\/ul>\n<\/section>\n<\/div>\n<\/section>\n<section class=\"section\">\n<div class=\"item item-6\">\n<section class=\"image-item\"><img decoding=\"async\" src=\"https:\/\/upload.cdn.baselinker.com\/products\/4033796\/62934509d04c6e6b60745bd163d977bb.jpg\" \/><\/section>\n<\/div>\n<div class=\"item item-6\">\n<section class=\"image-item\"><img decoding=\"async\" src=\"https:\/\/upload.cdn.baselinker.com\/products\/4033796\/d7c6556703a781359538730891579b88.jpg\" \/><\/section>\n<\/div>\n<\/section>\n","protected":false},"excerpt":{"rendered":"<p>Trenerzy Pok\u00e9mon\u00f3w na ca\u0142ym \u015bwiecie przygotowuj\u0105 si\u0119 na powr\u00f3t kart ACE SPEC z wyj\u0105tkowo pot\u0119\u017cnymi efektami! Walking Wake ex uwalnia si\u0119 od przesz\u0142o\u015bci wraz z Raging Bolt ex, podczas gdy Iron Leaves ex wymierza zaawansowan\u0105 technologicznie sprawiedliwo\u015b\u0107 wraz z Iron Crown ex. Zestaw\u00a0Scarlet &amp; Violet &#8211; Temporal Forces &#8211; Elite Trainer Box zawiera: 9 booster\u00f3w [&hellip;]<\/p>\n","protected":false},"featured_media":4258,"comment_status":"open","ping_status":"closed","template":"","meta":{"_uag_custom_page_level_css":"","site-sidebar-layout":"default","site-content-layout":"","ast-site-content-layout":"default","site-content-style":"default","site-sidebar-style":"default","ast-global-header-display":"","ast-banner-title-visibility":"","ast-main-header-display":"","ast-hfb-above-header-display":"","ast-hfb-below-header-display":"","ast-hfb-mobile-header-display":"","site-post-title":"","ast-breadcrumbs-content":"","ast-featured-img":"","footer-sml-layout":"","ast-disable-related-posts":"","theme-transparent-header-meta":"default","adv-header-id-meta":"","stick-header-meta":"","header-above-stick-meta":"","header-main-stick-meta":"","header-below-stick-meta":"","astra-migrate-meta-layouts":"set","ast-page-background-enabled":"default","ast-page-background-meta":{"desktop":{"background-color":"","background-image":"","background-repeat":"repeat","background-position":"center center","background-size":"auto","background-attachment":"scroll","background-type":"","background-media":"","overlay-type":"","overlay-color":"","overlay-opacity":"","overlay-gradient":""},"tablet":{"background-color":"","background-image":"","background-repeat":"repeat","background-position":"center center","background-size":"auto","background-attachment":"scroll","background-type":"","background-media":"","overlay-type":"","overlay-color":"","overlay-opacity":"","overlay-gradient":""},"mobile":{"background-color":"","background-image":"","background-repeat":"repeat","background-position":"center center","background-size":"auto","background-attachment":"scroll","background-type":"","background-media":"","overlay-type":"","overlay-color":"","overlay-opacity":"","overlay-gradient":""}},"ast-content-background-meta":{"desktop":{"background-color":"var(--ast-global-color-5)","background-image":"","background-repeat":"repeat","background-position":"center center","background-size":"auto","background-attachment":"scroll","background-type":"","background-media":"","overlay-type":"","overlay-color":"","overlay-opacity":"","overlay-gradient":""},"tablet":{"background-color":"var(--ast-global-color-5)","background-image":"","background-repeat":"repeat","background-position":"center center","background-size":"auto","background-attachment":"scroll","background-type":"","background-media":"","overlay-type":"","overlay-color":"","overlay-opacity":"","overlay-gradient":""},"mobile":{"background-color":"var(--ast-global-color-5)","background-image":"","background-repeat":"repeat","background-position":"center center","background-size":"auto","background-attachment":"scroll","background-type":"","background-media":"","overlay-type":"","overlay-color":"","overlay-opacity":"","overlay-gradient":""}}},"product_brand":[],"product_cat":[19],"product_tag":[],"class_list":{"0":"post-4193","1":"product","2":"type-product","3":"status-publish","4":"has-post-thumbnail","6":"product_cat-pokemon-tcg","7":"desktop-align-center","8":"tablet-align-left","9":"mobile-align-left","11":"first","12":"outofstock","13":"taxable","14":"shipping-taxable","15":"purchasable","16":"product-type-simple"},"yoast_head":"<!-- This site is optimized with the Yoast SEO plugin v27.2 - https:\/\/yoast.com\/product\/yoast-seo-wordpress\/ -->\n<title>Pok\u00e9mon TCG: Scarlet &amp; Violet Temporal Forces Elite Trainer Box Iron Leaves &#187; %<\/title>\n<meta name=\"robots\" content=\"index, follow, max-snippet:-1, max-image-preview:large, max-video-preview:-1\" \/>\n<link rel=\"canonical\" href=\"https:\/\/plangry.com\/index.php\/produkt\/przedsprzedaz-pokemon-tcg-scarlet-violet-temporal-forces-elite-trainer-box-iron-leaves\/\" \/>\n<meta property=\"og:locale\" content=\"pl_PL\" \/>\n<meta property=\"og:type\" content=\"article\" \/>\n<meta property=\"og:title\" content=\"Pok\u00e9mon TCG: Scarlet &amp; Violet Temporal Forces Elite Trainer Box Iron Leaves &#187; %\" \/>\n<meta property=\"og:description\" content=\"Trenerzy Pok\u00e9mon\u00f3w na ca\u0142ym \u015bwiecie przygotowuj\u0105 si\u0119 na powr\u00f3t kart ACE SPEC z wyj\u0105tkowo pot\u0119\u017cnymi efektami! Walking Wake ex uwalnia si\u0119 od przesz\u0142o\u015bci wraz z Raging Bolt ex, podczas gdy Iron Leaves ex wymierza zaawansowan\u0105 technologicznie sprawiedliwo\u015b\u0107 wraz z Iron Crown ex. Zestaw\u00a0Scarlet &amp; Violet &#8211; Temporal Forces &#8211; Elite Trainer Box zawiera: 9 booster\u00f3w [&hellip;]\" \/>\n<meta property=\"og:url\" content=\"https:\/\/plangry.com\/index.php\/produkt\/przedsprzedaz-pokemon-tcg-scarlet-violet-temporal-forces-elite-trainer-box-iron-leaves\/\" \/>\n<meta property=\"article:publisher\" content=\"https:\/\/www.facebook.com\/profile.php?id=100092112963704\" \/>\n<meta property=\"article:modified_time\" content=\"2026-02-08T08:28:06+00:00\" \/>\n<meta property=\"og:image\" content=\"https:\/\/plangry.com\/wp-content\/uploads\/2024\/03\/62934509d04c6e6b60745bd163d977bb-1.jpg\" \/>\n\t<meta property=\"og:image:width\" content=\"1880\" \/>\n\t<meta property=\"og:image:height\" content=\"1767\" \/>\n\t<meta property=\"og:image:type\" content=\"image\/jpeg\" \/>\n<meta name=\"twitter:card\" content=\"summary_large_image\" \/>\n<meta name=\"twitter:site\" content=\"@plan_gry\" \/>\n<meta name=\"twitter:label1\" content=\"Szacowany czas czytania\" \/>\n\t<meta name=\"twitter:data1\" content=\"2 minuty\" \/>\n<script type=\"application\/ld+json\" class=\"yoast-schema-graph\">{\"@context\":\"https:\/\/schema.org\",\"@graph\":[{\"@type\":\"WebPage\",\"@id\":\"https:\/\/plangry.com\/index.php\/produkt\/przedsprzedaz-pokemon-tcg-scarlet-violet-temporal-forces-elite-trainer-box-iron-leaves\/\",\"url\":\"https:\/\/plangry.com\/index.php\/produkt\/przedsprzedaz-pokemon-tcg-scarlet-violet-temporal-forces-elite-trainer-box-iron-leaves\/\",\"name\":\"Pok\u00e9mon TCG: Scarlet &amp; Violet Temporal Forces Elite Trainer Box Iron Leaves &#187; %\",\"isPartOf\":{\"@id\":\"https:\/\/plangry.com\/#website\"},\"primaryImageOfPage\":{\"@id\":\"https:\/\/plangry.com\/index.php\/produkt\/przedsprzedaz-pokemon-tcg-scarlet-violet-temporal-forces-elite-trainer-box-iron-leaves\/#primaryimage\"},\"image\":{\"@id\":\"https:\/\/plangry.com\/index.php\/produkt\/przedsprzedaz-pokemon-tcg-scarlet-violet-temporal-forces-elite-trainer-box-iron-leaves\/#primaryimage\"},\"thumbnailUrl\":\"https:\/\/plangry.com\/wp-content\/uploads\/2024\/03\/62934509d04c6e6b60745bd163d977bb-1.jpg\",\"datePublished\":\"2024-03-08T07:42:40+00:00\",\"dateModified\":\"2026-02-08T08:28:06+00:00\",\"breadcrumb\":{\"@id\":\"https:\/\/plangry.com\/index.php\/produkt\/przedsprzedaz-pokemon-tcg-scarlet-violet-temporal-forces-elite-trainer-box-iron-leaves\/#breadcrumb\"},\"inLanguage\":\"pl-PL\",\"potentialAction\":[{\"@type\":\"ReadAction\",\"target\":[\"https:\/\/plangry.com\/index.php\/produkt\/przedsprzedaz-pokemon-tcg-scarlet-violet-temporal-forces-elite-trainer-box-iron-leaves\/\"]}]},{\"@type\":\"ImageObject\",\"inLanguage\":\"pl-PL\",\"@id\":\"https:\/\/plangry.com\/index.php\/produkt\/przedsprzedaz-pokemon-tcg-scarlet-violet-temporal-forces-elite-trainer-box-iron-leaves\/#primaryimage\",\"url\":\"https:\/\/plangry.com\/wp-content\/uploads\/2024\/03\/62934509d04c6e6b60745bd163d977bb-1.jpg\",\"contentUrl\":\"https:\/\/plangry.com\/wp-content\/uploads\/2024\/03\/62934509d04c6e6b60745bd163d977bb-1.jpg\",\"width\":1880,\"height\":1767},{\"@type\":\"BreadcrumbList\",\"@id\":\"https:\/\/plangry.com\/index.php\/produkt\/przedsprzedaz-pokemon-tcg-scarlet-violet-temporal-forces-elite-trainer-box-iron-leaves\/#breadcrumb\",\"itemListElement\":[{\"@type\":\"ListItem\",\"position\":1,\"name\":\"Strona g\u0142\u00f3wna\",\"item\":\"https:\/\/plangry.com\/\"},{\"@type\":\"ListItem\",\"position\":2,\"name\":\"Sklep\",\"item\":\"https:\/\/plangry.com\/index.php\/sklep\/\"},{\"@type\":\"ListItem\",\"position\":3,\"name\":\"Pok\u00e9mon TCG: Scarlet &amp; Violet Temporal Forces Elite Trainer Box Iron Leaves\"}]},{\"@type\":\"WebSite\",\"@id\":\"https:\/\/plangry.com\/#website\",\"url\":\"https:\/\/plangry.com\/\",\"name\":\"Plan Gry\",\"description\":\"\",\"publisher\":{\"@id\":\"https:\/\/plangry.com\/#organization\"},\"alternateName\":\"Plan Gry\",\"potentialAction\":[{\"@type\":\"SearchAction\",\"target\":{\"@type\":\"EntryPoint\",\"urlTemplate\":\"https:\/\/plangry.com\/?s={search_term_string}\"},\"query-input\":{\"@type\":\"PropertyValueSpecification\",\"valueRequired\":true,\"valueName\":\"search_term_string\"}}],\"inLanguage\":\"pl-PL\"},{\"@type\":\"Organization\",\"@id\":\"https:\/\/plangry.com\/#organization\",\"name\":\"Plan Gry\",\"url\":\"https:\/\/plangry.com\/\",\"logo\":{\"@type\":\"ImageObject\",\"inLanguage\":\"pl-PL\",\"@id\":\"https:\/\/plangry.com\/#\/schema\/logo\/image\/\",\"url\":\"https:\/\/plangry.com\/wp-content\/uploads\/2023\/12\/cropped-White-SIgnature-Art-Studio-Logo-3-1.png\",\"contentUrl\":\"https:\/\/plangry.com\/wp-content\/uploads\/2023\/12\/cropped-White-SIgnature-Art-Studio-Logo-3-1.png\",\"width\":512,\"height\":512,\"caption\":\"Plan Gry\"},\"image\":{\"@id\":\"https:\/\/plangry.com\/#\/schema\/logo\/image\/\"},\"sameAs\":[\"https:\/\/www.facebook.com\/profile.php?id=100092112963704\",\"https:\/\/x.com\/plan_gry\",\"https:\/\/www.instagram.com\/plan_szowe_gry\/?igshid=ZDdkNTZiNTM\",\"https:\/\/www.tiktok.com\/@plan_gry?is_from_webapp=1&sender_device=pc\"]}]}<\/script>\n<!-- \/ Yoast SEO plugin. -->","yoast_head_json":{"title":"Pok\u00e9mon TCG: Scarlet &amp; Violet Temporal Forces Elite Trainer Box Iron Leaves &#187; %","robots":{"index":"index","follow":"follow","max-snippet":"max-snippet:-1","max-image-preview":"max-image-preview:large","max-video-preview":"max-video-preview:-1"},"canonical":"https:\/\/plangry.com\/index.php\/produkt\/przedsprzedaz-pokemon-tcg-scarlet-violet-temporal-forces-elite-trainer-box-iron-leaves\/","og_locale":"pl_PL","og_type":"article","og_title":"Pok\u00e9mon TCG: Scarlet &amp; Violet Temporal Forces Elite Trainer Box Iron Leaves &#187; %","og_description":"Trenerzy Pok\u00e9mon\u00f3w na ca\u0142ym \u015bwiecie przygotowuj\u0105 si\u0119 na powr\u00f3t kart ACE SPEC z wyj\u0105tkowo pot\u0119\u017cnymi efektami! Walking Wake ex uwalnia si\u0119 od przesz\u0142o\u015bci wraz z Raging Bolt ex, podczas gdy Iron Leaves ex wymierza zaawansowan\u0105 technologicznie sprawiedliwo\u015b\u0107 wraz z Iron Crown ex. Zestaw\u00a0Scarlet &amp; Violet &#8211; Temporal Forces &#8211; Elite Trainer Box zawiera: 9 booster\u00f3w [&hellip;]","og_url":"https:\/\/plangry.com\/index.php\/produkt\/przedsprzedaz-pokemon-tcg-scarlet-violet-temporal-forces-elite-trainer-box-iron-leaves\/","article_publisher":"https:\/\/www.facebook.com\/profile.php?id=100092112963704","article_modified_time":"2026-02-08T08:28:06+00:00","og_image":[{"width":1880,"height":1767,"url":"https:\/\/plangry.com\/wp-content\/uploads\/2024\/03\/62934509d04c6e6b60745bd163d977bb-1.jpg","type":"image\/jpeg"}],"twitter_card":"summary_large_image","twitter_site":"@plan_gry","twitter_misc":{"Szacowany czas czytania":"2 minuty"},"schema":{"@context":"https:\/\/schema.org","@graph":[{"@type":"WebPage","@id":"https:\/\/plangry.com\/index.php\/produkt\/przedsprzedaz-pokemon-tcg-scarlet-violet-temporal-forces-elite-trainer-box-iron-leaves\/","url":"https:\/\/plangry.com\/index.php\/produkt\/przedsprzedaz-pokemon-tcg-scarlet-violet-temporal-forces-elite-trainer-box-iron-leaves\/","name":"Pok\u00e9mon TCG: Scarlet &amp; Violet Temporal Forces Elite Trainer Box Iron Leaves &#187; %","isPartOf":{"@id":"https:\/\/plangry.com\/#website"},"primaryImageOfPage":{"@id":"https:\/\/plangry.com\/index.php\/produkt\/przedsprzedaz-pokemon-tcg-scarlet-violet-temporal-forces-elite-trainer-box-iron-leaves\/#primaryimage"},"image":{"@id":"https:\/\/plangry.com\/index.php\/produkt\/przedsprzedaz-pokemon-tcg-scarlet-violet-temporal-forces-elite-trainer-box-iron-leaves\/#primaryimage"},"thumbnailUrl":"https:\/\/plangry.com\/wp-content\/uploads\/2024\/03\/62934509d04c6e6b60745bd163d977bb-1.jpg","datePublished":"2024-03-08T07:42:40+00:00","dateModified":"2026-02-08T08:28:06+00:00","breadcrumb":{"@id":"https:\/\/plangry.com\/index.php\/produkt\/przedsprzedaz-pokemon-tcg-scarlet-violet-temporal-forces-elite-trainer-box-iron-leaves\/#breadcrumb"},"inLanguage":"pl-PL","potentialAction":[{"@type":"ReadAction","target":["https:\/\/plangry.com\/index.php\/produkt\/przedsprzedaz-pokemon-tcg-scarlet-violet-temporal-forces-elite-trainer-box-iron-leaves\/"]}]},{"@type":"ImageObject","inLanguage":"pl-PL","@id":"https:\/\/plangry.com\/index.php\/produkt\/przedsprzedaz-pokemon-tcg-scarlet-violet-temporal-forces-elite-trainer-box-iron-leaves\/#primaryimage","url":"https:\/\/plangry.com\/wp-content\/uploads\/2024\/03\/62934509d04c6e6b60745bd163d977bb-1.jpg","contentUrl":"https:\/\/plangry.com\/wp-content\/uploads\/2024\/03\/62934509d04c6e6b60745bd163d977bb-1.jpg","width":1880,"height":1767},{"@type":"BreadcrumbList","@id":"https:\/\/plangry.com\/index.php\/produkt\/przedsprzedaz-pokemon-tcg-scarlet-violet-temporal-forces-elite-trainer-box-iron-leaves\/#breadcrumb","itemListElement":[{"@type":"ListItem","position":1,"name":"Strona g\u0142\u00f3wna","item":"https:\/\/plangry.com\/"},{"@type":"ListItem","position":2,"name":"Sklep","item":"https:\/\/plangry.com\/index.php\/sklep\/"},{"@type":"ListItem","position":3,"name":"Pok\u00e9mon TCG: Scarlet &amp; Violet Temporal Forces Elite Trainer Box Iron Leaves"}]},{"@type":"WebSite","@id":"https:\/\/plangry.com\/#website","url":"https:\/\/plangry.com\/","name":"Plan Gry","description":"","publisher":{"@id":"https:\/\/plangry.com\/#organization"},"alternateName":"Plan Gry","potentialAction":[{"@type":"SearchAction","target":{"@type":"EntryPoint","urlTemplate":"https:\/\/plangry.com\/?s={search_term_string}"},"query-input":{"@type":"PropertyValueSpecification","valueRequired":true,"valueName":"search_term_string"}}],"inLanguage":"pl-PL"},{"@type":"Organization","@id":"https:\/\/plangry.com\/#organization","name":"Plan Gry","url":"https:\/\/plangry.com\/","logo":{"@type":"ImageObject","inLanguage":"pl-PL","@id":"https:\/\/plangry.com\/#\/schema\/logo\/image\/","url":"https:\/\/plangry.com\/wp-content\/uploads\/2023\/12\/cropped-White-SIgnature-Art-Studio-Logo-3-1.png","contentUrl":"https:\/\/plangry.com\/wp-content\/uploads\/2023\/12\/cropped-White-SIgnature-Art-Studio-Logo-3-1.png","width":512,"height":512,"caption":"Plan Gry"},"image":{"@id":"https:\/\/plangry.com\/#\/schema\/logo\/image\/"},"sameAs":["https:\/\/www.facebook.com\/profile.php?id=100092112963704","https:\/\/x.com\/plan_gry","https:\/\/www.instagram.com\/plan_szowe_gry\/?igshid=ZDdkNTZiNTM","https:\/\/www.tiktok.com\/@plan_gry?is_from_webapp=1&sender_device=pc"]}]}},"uagb_featured_image_src":{"full":["https:\/\/plangry.com\/wp-content\/uploads\/2024\/03\/62934509d04c6e6b60745bd163d977bb-1.jpg",1880,1767,false],"thumbnail":["https:\/\/plangry.com\/wp-content\/uploads\/2024\/03\/62934509d04c6e6b60745bd163d977bb-1-300x300.jpg",300,300,true],"medium":["https:\/\/plangry.com\/wp-content\/uploads\/2024\/03\/62934509d04c6e6b60745bd163d977bb-1-600x564.jpg",600,564,true],"medium_large":["https:\/\/plangry.com\/wp-content\/uploads\/2024\/03\/62934509d04c6e6b60745bd163d977bb-1-768x722.jpg",768,722,true],"large":["https:\/\/plangry.com\/wp-content\/uploads\/2024\/03\/62934509d04c6e6b60745bd163d977bb-1-1024x962.jpg",1024,962,true],"1536x1536":["https:\/\/plangry.com\/wp-content\/uploads\/2024\/03\/62934509d04c6e6b60745bd163d977bb-1-1536x1444.jpg",1536,1444,true],"2048x2048":["https:\/\/plangry.com\/wp-content\/uploads\/2024\/03\/62934509d04c6e6b60745bd163d977bb-1.jpg",1880,1767,false],"qode_essential_addons_image_size_square":["https:\/\/plangry.com\/wp-content\/uploads\/2024\/03\/62934509d04c6e6b60745bd163d977bb-1-650x650.jpg",650,650,true],"qode_essential_addons_image_size_landscape":["https:\/\/plangry.com\/wp-content\/uploads\/2024\/03\/62934509d04c6e6b60745bd163d977bb-1-1300x650.jpg",1300,650,true],"qode_essential_addons_image_size_portrait":["https:\/\/plangry.com\/wp-content\/uploads\/2024\/03\/62934509d04c6e6b60745bd163d977bb-1-650x1300.jpg",650,1300,true],"qode_essential_addons_image_size_huge-square":["https:\/\/plangry.com\/wp-content\/uploads\/2024\/03\/62934509d04c6e6b60745bd163d977bb-1-1300x1300.jpg",1300,1300,true],"woocommerce_thumbnail":["https:\/\/plangry.com\/wp-content\/uploads\/2024\/03\/62934509d04c6e6b60745bd163d977bb-1-600x600.jpg",600,600,true],"woocommerce_single":["https:\/\/plangry.com\/wp-content\/uploads\/2024\/03\/62934509d04c6e6b60745bd163d977bb-1-600x564.jpg",600,564,true],"woocommerce_gallery_thumbnail":["https:\/\/plangry.com\/wp-content\/uploads\/2024\/03\/62934509d04c6e6b60745bd163d977bb-1-100x100.jpg",100,100,true]},"uagb_author_info":{"display_name":"admin","author_link":"https:\/\/plangry.com\/index.php\/author\/"},"uagb_comment_info":0,"uagb_excerpt":"Trenerzy Pok\u00e9mon\u00f3w na ca\u0142ym \u015bwiecie przygotowuj\u0105 si\u0119 na powr\u00f3t kart ACE SPEC z wyj\u0105tkowo pot\u0119\u017cnymi efektami! Walking Wake ex uwalnia si\u0119 od przesz\u0142o\u015bci wraz z Raging Bolt ex, podczas gdy Iron Leaves ex wymierza zaawansowan\u0105 technologicznie sprawiedliwo\u015b\u0107 wraz z Iron Crown ex. Zestaw\u00a0Scarlet &amp; Violet &#8211; Temporal Forces &#8211; Elite Trainer Box zawiera: 9 booster\u00f3w&hellip;","jetpack_sharing_enabled":true,"_links":{"self":[{"href":"https:\/\/plangry.com\/index.php\/wp-json\/wp\/v2\/product\/4193","targetHints":{"allow":["GET"]}}],"collection":[{"href":"https:\/\/plangry.com\/index.php\/wp-json\/wp\/v2\/product"}],"about":[{"href":"https:\/\/plangry.com\/index.php\/wp-json\/wp\/v2\/types\/product"}],"replies":[{"embeddable":true,"href":"https:\/\/plangry.com\/index.php\/wp-json\/wp\/v2\/comments?post=4193"}],"wp:featuredmedia":[{"embeddable":true,"href":"https:\/\/plangry.com\/index.php\/wp-json\/wp\/v2\/media\/4258"}],"wp:attachment":[{"href":"https:\/\/plangry.com\/index.php\/wp-json\/wp\/v2\/media?parent=4193"}],"wp:term":[{"taxonomy":"product_brand","embeddable":true,"href":"https:\/\/plangry.com\/index.php\/wp-json\/wp\/v2\/product_brand?post=4193"},{"taxonomy":"product_cat","embeddable":true,"href":"https:\/\/plangry.com\/index.php\/wp-json\/wp\/v2\/product_cat?post=4193"},{"taxonomy":"product_tag","embeddable":true,"href":"https:\/\/plangry.com\/index.php\/wp-json\/wp\/v2\/product_tag?post=4193"}],"curies":[{"name":"wp","href":"https:\/\/api.w.org\/{rel}","templated":true}]}}